 2*w**3 + 7*w**2 + w**3 + 2*w**3. What are the prime factors of t(-8)?
11
Let h = -23 - -25. List the prime factors of h.
2
Let d be (-104)/3 + 1/(-3). Let f = 19 + d. Let a = -6 - f. What are the prime factors of a?
2, 5
List the prime factors of (-1)/3 - 192/(-36).
5
Suppose -5*c + 690 = 2*a, -2*c - 2*a + 292 = 2*a. Suppose -4*g = w - 19, 39 - c = -4*w + 5*g. List the prime factors of w.
23
Let a be 4/(25/27 + -1). Let p = -75 + 131. List the prime factors of p/9 - (-12)/a.
2, 3
Let d = 75 + -45. What are the prime factors of d?
2, 3, 5
Let g(k) = k**2 - 7*k + 3. Let c be g(7). What are the prime factors of 88/c + 5/(-15)?
29
Let k = 14 - -7. What are the prime factors of k?
3, 7
Suppose 0 = 5*i - 43 - 32. What are the prime factors of i?
3, 5
Let t(c) = -9*c - 3. Let z be t(-4). Suppose -5*q + z = -27. What are the prime factors of q?
2, 3
Let q(l) = -2*l - 7. Suppose 2*j = -0*j - 10. List the prime factors of q(j).
3
Let h = 27 - -20. List the prime factors of h.
47
Suppose 2*g + 52 = 2*v, -3*v + 97 = v + 3*g. What are the prime factors of v?
5
Let p be 1/4 - 38/(-8). Suppose -32 = -4*y + 2*b, p*y - 40 = b + 2*b. What are the prime factors of y?
2
Let y = 16 - -9. What are the prime factors of y?
5
Suppose 2 = -2*d - 0. Let u(h) = 14*h**2 + 1. Let q be u(d). Let r = q - 7. List the prime factors of r.
2
Let q(x) = 0 - 4*x - 4*x**2 - 2 + 9*x + 0*x**3 + x**3. What are the prime factors of q(3)?
2
Let u = -302 - -424. List the prime factors of u.
2, 61
Let o be 9 + -2 - (-1 + 2). Let i be (-9)/o + (-91)/(-2). Suppose -3*v - 14 + i = 0. What are the prime factors of v?
2, 5
Suppose -4*h = -0*f - 3*f + 26, 5*f + h = 5. List the prime factors of 76/(-6)*(-3)/f.
19
Let i = -63 - -114. List the prime factors of i.
3, 17
Suppose -4*v - 3*h = -38, -6*v + 24 = -2*v - 4*h. Suppose 136 = v*t - 4*t. What are the prime factors of t?
2, 17
Let u = 32 + -19. What are the prime factors of u?
13
Let x(y) = 4*y**3 + 4*y**2 - 3*y - 3. Let u be x(3). Suppose 32 - u = 5*l. List the prime factors of -3*(l/3)/4.
5
Let m be 12/8 - 3/(-6). Suppose -u = -0 - m. What are the prime factors of u?
2
List the prime factors of 1*5/10*(-1 - -99).
7
Let x = 13 - 29. Let i = x - -38. Suppose 2*d - 4*s = 14, 5*s = 4*d + 3*s - i. What are the prime factors of d?
5
List the prime factors of ((-78)/15)/(4/(-60)).
2, 3, 13
Let c(o) = -5*o**3 + 13*o**2 + 6*o + 8. Let g(n) = -11*n**3 + 27*n**2 + 11*n + 16. Let m(r) = 9*c(r) - 4*g(r). Let z = 7 + 3. List the prime factors of m(z).
2
Let t = -1 + 1. Suppose t*a = -3*a - 15. What are the prime factors of 3*-1*a/3?
5
Let k(r) = 5*r + 7*r**2 + 6 + r**3 + 0*r**2 - 3 + 3. Let f be k(-6). Suppose -o - f = -2*o. List the prime factors of o.
2, 3
List the prime factors of (2/3)/(3/315).
2, 5, 7
Suppose -2*o = -6, -v - 3 = o - 7. Suppose -v - 25 = -c. What are the prime factors of c?
2, 13
Let o = -19 - -38. What are the prime factors of o?
19
What are the prime factors of 95 + (-15)/((-3)/(-1))?
2, 3, 5
Suppose 0 = -3*p + r + 82, 2*p - 2*r + 116 = 6*p. List the prime factors of p.
2, 7
Let d(f) = -f**3 - 6*f**2 - 12*f + 13. What are the prime factors of d(-7)?
2, 73
Let x = -1 - -1. Suppose 4*s - 16 = -x*s. What are the prime factors of s?
2
Let q(n) = 4*n + 1. Suppose 0 = 3*v + 3*s - 45, v - 4*s + 49 = 4*v. Let a be q(v). Suppose a = f + 2*f. What are the prime factors of f?
3, 5
Let b(l) = -l + 5. Let f(i) = -i. Let a be f(0). What are the prime factors of b(a)?
5
Let g be 0/(2/2)*1. Let l = g + 4. Suppose -5*b = 2*t - 7, -b - l*b - 59 = -4*t. What are the prime factors of t?
11
Suppose 3*b - 24 = -0*b. Let k = -16 - -19. Suppose -2 + b = k*w. What are the prime factors of w?
2
Suppose -3*t = -2*t. Suppose 5*z - 187 - 23 = t. Suppose 5*a - z - 23 = 0. List the prime factors of a.
13
Suppose 0*k = k. Suppose 4*g + 0*g - 12 = k. Suppose 0*h = h + 2*n - 8, -5*h - g*n = -54. List the prime factors of h.
2, 3
Suppose 4*i = 2 + 34. List the prime factors of (1 - i*-1) + 1.
11
Let m = -3 - -7. Suppose 0 = 2*t + 2*t - 140. List the prime factors of m/10 - (-231)/t.
7
Suppose -3 + 0 = 3*f. Let v(y) = -5*y - 1. Let j(t) = -5*t - 1. Let l(q) = -4*j(q) + 5*v(q). What are the prime factors of l(f)?
2
Let j(c) = -c + 6 + 3*c - c + 7. Let g be j(-8). Suppose -4*b + 5*b - g = 0. List the prime factors of b.
5
Suppose -4*l = 4*n - 84, 4*l - 92 = 5*n - n. List the prime factors of l.
2, 11
Let q be (-20)/((-26)/(-10) - 3). Suppose 4*p + o = 43 + 3, 0 = 4*p + 3*o - q. List the prime factors of p.
11
Suppose 2*v + 7 = v. Let k(l) = -4*l - 2. Let d be k(-4). Let m = v + d. List the prime factors of m.
7
Suppose s + 3*y + 6 = 0, -4*y = -4*s - 6 + 30. Let j be (20/(-3))/((-3)/9). Suppose -13 - 6 = s*n - 5*r, -2*r = 5*n - j. What are the prime factors of n?
2
Suppose -2 = -s - 0. Suppose 0 = 4*o - 4*b - 32, -s*b + 10 = -4*b. Suppose -o*k + k + 18 = 0. List the prime factors of k.
3
Let t(q) = q**3 - 4*q**2 + 6*q. Let y be t(4). List the prime factors of y + 4/(-16)*0.
2, 3
Let t be (-10)/(-40) + 138/(-8). Let p = -10 - t. What are the prime factors of p?
7
Let n(b) be the second derivative of b**4/12 + b**3/6 - b**2/2 - b. Let w be n(-3). Suppose 56 = w*h - h. What are the prime factors of h?
2, 7
Suppose -2*q + 9 = 5. Let t be (-1)/q - (-1)/2. Suppose t = -4*i - 2*h + 56, -4*i + 3*h + 48 = h. List the prime factors of i.
13
Let w(k) be the second derivative of -k**4/12 - 5*k**3/6 - 2*k**2 + 2*k. Let u be w(-3). Let j(z) = 6*z - 3. List the prime factors of j(u).
3
Let b = -40 + 61. Suppose -2*a + 32 = a - 2*f, 2*a - f - b = 0. What are the prime factors of a?
2, 5
Suppose 0 = 2*c - 0*c. Let x = c - -15. Suppose 59 - x = 4*d. List the prime factors of d.
11
List the prime factors of (-4)/(-26) + 7 + 9814/91.
5, 23
Let k = -11 - -16. List the prime factors of k.
5
Suppose 2*u - 118 = l, 2*u + u + 3*l = 177. List the prime factors of u.
59
Suppose 4*l = 3*r - 15, 0 = 3*l - 2*l + 3*r - 15. Suppose s - 6*s - 30 = l. What are the prime factors of (-2)/4*(s - 2)?
2
Let j(y) = 9*y**2 + 5*y. What are the prime factors of j(4)?
2, 41
What are the prime factors of (-234)/(-14) - 2/(-7)?
17
Let v be 1/(0 + (-1)/3). Suppose h - 2*a - 6 = a, -3*a + 30 = h. Let l = v + h. What are the prime factors of l?
3, 5
What are the prime factors of (-7 + 4)/(6/(-8))?
2
Let a(y) = -5*y + 2. Let o be a(4). Let t = o - -46. Suppose -4*q = -t - 20. List the prime factors of q.
2, 3
Let t = 300 - 152. List the prime factors of t.
2, 37
Let d = 136 - -28. What are the prime factors of d?
2, 41
Let m be (-93)/24 - (-4)/(-32). Let d = m - -13. What are the prime factors of d?
3
Let x(i) = i**3 + 15*i**2 - 19*i - 6. What are the prime factors of x(-16)?
2, 3, 7
Suppose -2*o + 22 = -20. Suppose 0 = -k + q + 15, -k - 2*k + o = 5*q. What are the prime factors of k?
2, 3
Suppose 3 = -c - 5*b + 3*b, 1 = 3*c + 4*b. List the prime factors of c/7*(-46)/(-2).
23
Let s = 14 - 12. Let i = s - -6. List the prime factors of i.
2
Let n(i) be the second derivative of i**3/2 - 4*i**2 + i. List the prime factors of n(14).
2, 17
Let n = -63 - -31. Let z = n + 59. Suppose 4*h - 9 = z. What are the prime factors of h?
3
Let p be ((-6)/(-4))/((-3)/(-4)). Let m = -3 + p. What are the prime factors of (0 - (3 + m))*-1?
2
Let r(b) = -b + 1 - 4*b**3 + b. Let d(i) = i**3 + 11*i**2 + 19*i + 8. Let p be d(-9). List the prime factors of r(p).
5
Let i(a) = -a**3 - 4*a**2 + 8*a + 14. List the prime factors of i(-6).
2, 19
Suppose -6*u = u - 210. List the prime factors of u.
2, 3, 5
Suppose -d + 4 = -5*p, -2*p + 2 = -5*p + d. Let z = -1 + p. Let c = 16 + z. List the prime factors of c.
2, 7
Suppose -2*t + 70 = -0*t. Let g = -25 + t. List the prime factors of g.
2, 5
Suppose -2*t + 4*t + 7 = -3*d, 3*t - 22 = 2*d. What are the prime factors of t?
2
Let q(l) = 15*l - 5. What are the prime factors of q(2)?
5
Suppose 2*a + 9 = -2*d + 3*d, -2*d + 2*a = -14. Let z be 0 + -2 - (1 - d). Suppose 3*j - 10 = -z*t + 4*t, 0 = -j + 3*t + 1. List the prime factors of j.
2
Let f(h) = h - 2*h**2 + 5*h**2 - 2*h**2 - 5. Suppose 5*o = -m + 4*o + 4, -m + 4 = 5*o. What are the prime factors of f(m)?
3, 5
Suppose -4*w - 5 = 3. Let x be -2 + 3 - (-1 + w). Suppose 0 = -2*b - 8, -f + 28 = -4*b + x. List the prime factors of f.
2
Let u(r) = r - 4. Le